 g and i?
15
Suppose -7*k = 2*k - 4959. Calculate the greatest common factor of 29 and k.
29
Let p be (-148 - -5)*(3 - (-4)/(-1)). Let v = -65 + p. Calculate the greatest common divisor of v and 26.
26
Let i be 2/6 - (-77)/3. Suppose -w + 350 = 4*w. Let p = w - 44. What is the highest common divisor of p and i?
26
Suppose d - 10 = -8. Suppose 0 = -u - d*u + 150. Suppose 11*t - 12*t = -20. Calculate the greatest common factor of t and u.
10
Let v be ((-750)/15)/(4/(-24)). Let k be (30/(-4))/(1/(-4)). Calculate the greatest common divisor of v and k.
30
Let u = 18 - 23. Let t be 406/70 + (-1)/u. What is the highest common divisor of t and 3?
3
Let s = 297 - 198. Calculate the highest common factor of 132 and s.
33
Suppose 12*z - 7*z + 40 = 0. Let q be (-7)/(-28) + 178/z. Let y be (-136)/q - 8/44. Calculate the greatest common divisor of y and 6.
6
Suppose -h - 4*h + 60 = 0. Let j be 18/4*8/12. Suppose -237 = -3*s - j*p, 0*s + 5*p = -4*s + 311. Calculate the highest common divisor of s and h.
12
Suppose -93 = 6*k - 7*k. Suppose 131 = 2*v - k. Suppose 0 = 4*u - 49 - 7. Calculate the greatest common divisor of v and u.
14
Let k = -81 + 83. Suppose 4 = -k*l, -5*h + 3*h - 4*l = -64. What is the highest common divisor of 54 and h?
18
Let h = -289 - -319. Calculate the greatest common factor of 90 and h.
30
Let o(k) = k. Let v(m) = -7*m + 11. Let g(f) = -2*o(f) - v(f). Let q be g(12). Calculate the highest common factor of 7 and q.
7
Let q = -34 + 38. Suppose 5*r + 4*p + 144 - 587 = 0, 79 = r + q*p. What is the greatest common factor of 26 and r?
13
Let l = -39 - -130. Calculate the highest common divisor of l and 7.
7
Let u be 1 - 125/(2 + -3). Let v be (-2)/14 + 23958/u. Calculate the greatest common factor of 38 and v.
38
Suppose 0 = -3*g - 34*q + 35*q + 25, -5*q - 20 = 0. Let u be (1 + -1)/(4 + -2). Suppose -h + 35 = -u*h. What is the highest common factor of h and g?
7
Suppose -3*h = -9, 3*i = 2*i + 3*h - 7. Suppose -2*w = -w - 2. Suppose 2*o + w*n - 26 = 0, 2*o - n = i*n + 11. Calculate the highest common factor of o and 4.
2
Let q(y) = 2*y**2 - 3*y + 5. Let k be q(2). Suppose k*h + 10 = 94. Calculate the highest common factor of 12 and h.
12
Suppose -d = -34*d + 330. Let v be (16/6)/((-4)/(-30)). Calculate the greatest common factor of v and d.
10
Suppose 0 = -24*n + 1136 + 1216. What is the greatest common factor of n and 434?
14
Let x(b) = b**3 - 15*b**2 + 3. Let k be x(15). Suppose 4*i - 3*v - 12 - 205 = 0, -k*i = 5*v - 141. What is the highest common factor of 13 and i?
13
Let i = -33 - -38. Suppose i*f - 64 - 11 = 0. Calculate the highest common factor of 135 and f.
15
Suppose 138*v - 142*v + 1944 = 0. Calculate the highest common factor of v and 54.
54
Let g = 118 + -115. Suppose 5*w = g*d - 12, -d - 12 = -2*w - 16. Suppose 5*l + 8 = 7*l. What is the greatest common factor of l and d?
4
Suppose -120 = -5*h + 2*h. Let f = -819 + 827. What is the highest common divisor of f and h?
8
Let l be 250/8 - 1/4. Suppose -77 = -6*n + l. What is the highest common divisor of n and 12?
6
Let h(n) = 60*n**3 + 3*n**2 - 4. Let o be h(2). Calculate the highest common factor of o and 8.
8
Let b be -1 + (-27)/(-33) + (-798)/(-33). Let r = b - 20. Calculate the highest common divisor of 40 and r.
4
Suppose 5*o + 9 = 2*o - 5*b, -5*b - 15 = 0. Suppose m + 490 = o*c, -4*c - 1430 = -0*m + 3*m. Let l = 713 + m. What is the highest common factor of l and 21?
21
Let h = 153 + -153. Suppose -2*o + 5*g + 145 = h, 8*o - 5*o + 4*g = 160. What is the greatest common factor of o and 120?
60
Let f be (-105)/(-10) - 1/2. Let o = -3 + 5. Suppose 0*t = -o*t + 140. Calculate the highest common factor of f and t.
10
Let f = -77 - -132. What is the greatest common divisor of 1705 and f?
55
Let s(n) = 3*n - 14. Let r be s(17). Let d = r - -8. What is the greatest common divisor of 18 and d?
9
Let h(m) = -36*m**2 - m - 2. Let x be h(-5). Let i be x/(-27) - 4/18. Let v(s) = -54*s + 292. Let u be v(5). Calculate the highest common divisor of i and u.
11
Suppose 5*n - 120 = -5*c, 112 = 5*n + 2*c + c. Let g = n + -19. Let a be 5/(g + (-54)/57). Calculate the greatest common divisor of a and 19.
19
Let x = 1794 - -500. What is the greatest common factor of x and 74?
74
Suppose -3*g = -7*g + 4*t - 20, 5*g - 3 = -2*t. Let s be (-23)/g*(3 - (-6)/(-3)). What is the highest common factor of 46 and s?
23
Let s(w) = 161*w - 25. Let r be s(5). Let k be (r/182)/((-3)/(-28)). What is the highest common divisor of 5 and k?
5
Suppose 0 = -4*i - i + 10. Let s(l) = -4 + 28 - 1 + l**2 - l - 2*l**i. Let d be s(0). Calculate the greatest common factor of 207 and d.
23
Let d(h) = -h**3 - 5*h**2 + h + 1. Let a be d(-6). Let n = a + -20. What is the greatest common divisor of n and 11?
11
Let u be 3/(3 + -6)*(-2 - 11). What is the greatest common factor of 169 and u?
13
Let u be ((-520)/48*2)/(2/(-6)). What is the highest common divisor of 5 and u?
5
Suppose 2*b - 3*s + 4 = 2, b = -s + 4. Let m be 1 + 5 + 1 + 1. Calculate the greatest common divisor of b and m.
2
Let g be (-5)/((-20)/(-12)) - -45. Suppose -5*s - g = -4*j + 98, -2*j - 3*s = -48. Suppose -d + j + 54 = 0. Calculate the highest common factor of 12 and d.
12
Suppose -f + 27 + 9 = 0. Suppose -3*a + a + 4*d + 46 = 0, 0 = -4*d - 12. Let b = -8 + a. What is the highest common factor of f and b?
9
Suppose 90 = 5*g - 90. Let l = 209 - 155. What is the greatest common divisor of l and g?
18
Let t be (-29 - -17)*(-110)/40. What is the greatest common divisor of 121 and t?
11
Let b = -1000 - -1012. Let i(f) = -11*f - 7. Let g be i(-5). Calculate the highest common divisor of g and b.
12
Suppose -4*n + 4*a - 2 + 42 = 0, 3*a - 6 = -3*n. Let f(m) = 38*m - 2. Let w be f(1). Let q = -18 + w. What is the greatest common factor of q and n?
6
Suppose 4*w - 4*d = 732, 2*d = w - d - 177. What is the highest common factor of 6 and w?
6
Let m = 487 + -481. What is the greatest common factor of m and 174?
6
Let a be (-4)/24*3*-22. Suppose p = -4*p - 4*v + 2, 4*p + a = v. Let l be (-153)/p - (-3)/(-2). What is the highest common factor of 15 and l?
15
Let l(h) = -7*h - 2. Let u(i) = -13*i - 4. Let g(s) = 7*l(s) - 4*u(s). Let x be g(4). Suppose -2 = f - x. What is the highest common factor of f and 84?
12
Suppose -18 = -9*w + 8*w. What is the greatest common divisor of w and 198?
18
Suppose 17*n - 260 = 4*n. Suppose -3*h + 14 = p + h, 4*h = -n. Calculate the highest common factor of p and 34.
34
Let a(j) = j**2 - 9*j - 50. Let i be a(-6). Suppose 4*p = 3*l + l - i, 5*p + 14 = l. Calculate the greatest common factor of 6 and l.
3
Let u = 26 + -21. Suppose 1 = 3*d + 5*t, -t = u*d + 13 + 22. Let j = d + 23. Calculate the greatest common factor of j and 6.
3
Let m(n) = -107*n**3 - 5*n**2 - 6*n. Let t be m(-2). Calculate the highest common factor of 16 and t.
16
Let y(c) be the first derivative of -c**3/3 + 3*c**2 + 19*c + 18. Let t be y(7). Calculate the highest common factor of t and 72.
12
Let m(a) = -61*a + 261. Let f be m(0). What is the highest common divisor of f and 145?
29
Suppose 0 = 5*h - 18 - 2. Let s be -1 + (-4 - -3) - -40. Suppose -t + h*p = -12 - s, 2*t + 4*p = 76. What is the greatest common divisor of 28 and t?
14
Let g(b) = -b**3 + 36*b**2 - 32*b + 115. Let c be g(35). What is the highest common factor of 10 and c?
10
Let j(r) = 33*r - 27. Let z be j(3). Let b be (-6)/3*(0 - 1). Suppose b*h = 0, -4*h = -5*m - 5 + 95. What is the highest common divisor of z and m?
18
Suppose 43 = 3*s + 31. Let m(v) = -2*v. Let j be m(-1). Suppose 5*k + 200 = 4*t, j*t + k = s*t - 106. Calculate the highest common divisor of t and 22.
11
Let c(o) = 8*o - 9. Let a be c(4). Suppose 0 = -2*l - 8 - 4. Let z be 6215/30 + 1/l. What is the greatest common divisor of z and a?
23
Let g be ((-672)/(-72))/(33/(-18) + 2). Calculate the greatest common factor of g and 184.
8
Let r(o) = -2*o**2 - 4*o + 12. Let n be r(0). What is the greatest common divisor of n and 132?
12
Suppose 131*o - 146*o + 5340 = 0. Calculate the highest common factor of o and 445.
89
Suppose -4*r - 6*v + 75 = -3*v, -5*r + 5*v = -120. Suppose -2*o - r = 4*s + 1, -3*o - 29 = 4*s. Let k = o - -12. What is the highest common divisor of 45 and k?
5
Let u = -50 + 4. Let n = u - -68. Suppose 3*y = n + 11. Calculat